06)?
-48
What is -2 + -5 + 0 + 5 + -80 + 93 + 120?
131
Evaluate -52 + 36 + 56 + -94.
-54
What is the value of (17 - 1) + (1 + 1 - (3 - -7)) + -81?
-73
6 + -13 + 4 + (-10 - (-1 + -10)) + 3
1
Calculate -7 - (2 + 2) - (27 + -71) - 5.
28
What is the value of 1312 + -1305 - (-3 + 2 + (1 - -13))?
-6
What is 46 - (40 + 14 - 15)?
7
What is the value of -1 + 59 + -774 + 617?
-99
62 + -45 + (-2 - -21) + -96
-60
-51 + (50 - 72 - -41)
-32
Calculate 60 + (58 - -14 - 30).
102
Calculate (276 - 76 - 174) + 1 + -74.
-47
What is -101 - (23 + 3 + -11 + 16)?
-132
What is -4 - 52 - 8 - (3 - -1) - (-139 - -151)?
-80
What is -3 + 1 + -2 + -403 + 414 - -18 - -6?
31
What is the value of -15 - (48 + -24 + -58)?
19
What is -15 + 121 + -10 - (-29 - -28)?
97
What is the value of -61 + -17 + 95 - (0 + -75) - 5?
87
What is -317 + 149 + -21 + 68?
-121
What is -15 - ((-17 - -55 - 21) + -10 + -30)?
8
Evaluate (-88 - -41) + (-1 - -13) + (16 - 14).
-33
Calculate 38 + (-9 - -43 - 21) + (1 - 31).
21
Evaluate (5 - (1 - 30) - 29) + 37.
42
Calculate (-72 - -39) + 8 + 3 + -20.
-42
-21 + 6 + 5 + (0 + 7 - 10)
-13
What is the value of 46 - (50 - 32) - -70 - (-2 + 5)?
95
Evaluate 15 - ((-1 - 1 - 8) + (21 - (26 + -3))).
27
What is 151 + 151 + -332 - (-8 + (-1 - -1))?
-22
What is 10 - (-15 - (-22 + 2 - -26))?
31
Evaluate 1 + 30 + (-8757 - -8777).
51
Evaluate 213 + -185 + 6 + -34.
0
56 + (-266 - -135) + -1 + 18
-58
What is 14 - -39 - 84 - (3 - 3)?
-31
Calculate -16 + 0 + (-2 - -14) + (14 - 22).
-12
-27 + -7 + 87 + 0 + -6 + 12
59
What is -4 - -11 - -13 - (158 - 56)?
-82
What is (-12 - -12 - (0 + -1 + -33)) + (-80 - -87)?
41
17 + (13 - 34) - (-4 + -45 + (14 - 6))
37
0 + 0 + 3741 + -3795
-54
Evaluate 1 + (-19 - -28 - 23).
-13
What is the value of -13 - (-463 + 334) - (-1 + (-16 - 1))?
134
What is 11 + -216 + 207 + (0 - 9)?
-7
What is the value of (-19 - (-32 + -12)) + -37 + 61?
49
Evaluate (-36 - -56) + (-27 - 11).
-18
3 - -18 - (4 - -8 - (-69 - 30))
-90
What is the value of 0 + 25 + (-26 + -66 - -143)?
76
(0 - -44) + -14 + 16 + 18
64
Evaluate -28 + ((-56 - -31) + 59 - 0).
6
Evaluate 18 + 4 + -10 + -5 + -34.
-27
Evaluate -12 - -9 - 40 - (-6 - (-13 - -18)).
-32
What is the value of -9730 + 9744 + (-1 - 43)?
-30
Calculate 124 - (107 - 94 - -89).
22
Calculate (13 + -42 - -25) + -6.
-10
Evaluate 23026 - 23049 - (3 + -4 + -126).
104
Evaluate 10 - (-3 + 32 - (11 + 7 + -15)).
-16
Calculate 7 - (-3 - 10 - (-25 - -14) - -56) - 5.
-52
Evaluate (-11 - -7) + 64 - 0 - (99 - 91).
52
What is -23 + (-8 + 18 - 3) + 8 + (-5 - -30)?
17
What is 28 + (-15 - -5) + (-28 - -12)?
2
What is (11111 - 11130) + -1 + -74?
-94
What is (-9 - -15) + (5 - (-3 - (3 + -7 - -26)))?
36
What is the value of -114 + -18 - (-514 - -269)?
113
Evaluate -10 + 88 + -60 + -63.
-45
What is -311 + 263 + -5 + 0?
-53
62 - (48 + -23 + -6)
43
Calculate 41 + -7 + 35 + -19 + 9.
59
What is the value of -47 - -38 - (-7 + 2 + -5)?
1
Evaluate (2 + (3 - 59) - 4) + -77 + 76.
-59
-8 + 5 + (23 - 11) - (-3 - 0)
12
13 + 2 + -14 - (-16 - -52)
-35
What is the value of 21 + (-23 - -54) - (-21 - -32)?
41
What is 15 + (-11 - -3) + 0 + -7 - -76?
76
Evaluate -210 - -271 - (-2 + 22 + -12).
53
-4 + (3 - 16) + (-9 - (32 - -14))
-72
Calculate -67 - (-12 - 84) - 112.
-83
40 + (-36 + 32 - (1 - -12))
23
What is -12 + 9 - (-16 + (17 - 31) + 3)?
24
What is 68 + (-69 - 3) + -50?
-54
What is -2 + 3 + -33 + 41 + (129 - 137)?
1
What is the value of 25 - (-8 + 2 + 0 + (5 - (7 - -1)))?
34
116 + -30 + 37 + (1 - 7 - 12)
105
Evaluate 6 - -50 - (410 - 348).
-6
7 - (-20 + -13 + 38)
2
Evaluate -16 + 33 - (6 + -14 + 10 + 1).
14
What is -15 + (20 - -5 - 12) - (1 + 14 - 3)?
-14
(16 - 0) + (-1 + 36 - (-518 - -556)) - 0
13
What is the value of 146 + 2 + -1 + (72 - 26 - 55)?
138
28 + -2 + 3 + (1 - -14) + -35 + 29
38
What is the value of 66 - (-6 - (-1 + 0 + 9 + -8 + -7))?
65
What is 66 - 80 - (12 + -4)?
-22
-22 + (20 + -23 - -35) + 6
16
What is the value of -7 + 23 - (27 - (-8 + 8))?
-11
What is 10 + -3 + (-60 - -109)?
56
(4 - 10 - (-17 - -44)) + (-3 - 14)
-50
What is the value of -80 + -2 + -11 + (-91 - -100 - (-3 - 3))?
-78
Evaluate -103 + -2 + (-25 - (-23 - 33)).
-74
Calculate -22 + -18 + 7 + (9 - 20).
-44
Calculate -39 - (-3 + 21 + -7) - -18.
-32
-62 + -30 + 84 + 11
3
155 - 93 - (-1 + 3 + 3)
57
Calculate 100 + -1 + 18439 + -18404.
134
Evaluate (2242 - 2237) + (3 - (1 - 0)).
7
Evaluate -48 + 37 + -44 + 10.
-45
What is the value of -42 - (-5 - -1) - (2 - (-11 + -10 + 34))?
-27
What is -31 + -11 + 65 - 54?
-31
What is 0 + 5 - ((11 - (-13 - (-20 - -3))) + -71)?
69
What is -36 + (0 + 0 - -1) - (177427 + -177441)?
-21
Evaluate (-24 - (44 - 26)) + (2 - 3).
-43
What is the value of (5 - 10) + -1 + -7 + 7 + 36?
30
What is -27 + -64 + 84 + 24?
17
What is -5 + 46 + 3 + (-32 - -48 - (3 + 13))?
44
Evaluate -89 + (-3 - (4 - 14)) + (-24 - -32).
-74
What is 18 - (2 - 27) - 71?
-28
What is the value of -68 + 106 - 77 - -96?
57
Evaluate 66 + (-100 - (-29 + 18)).
-23
Evaluate 54 + 0 + (32 - 81 - (-8 + -54)).
67
Calculate 8 + 2 + 4 + 18 + -18.
14
(-18 - (0 + -34) - (1 - -10)) + (-23 - -90)
72
(253 - 164) + -112 + 12
-11
Evaluate (-5 + -12 - 119) + 13 + -3 + -2 + 6.
-122
What is the value of 36 + (-66 + 41 - 2)?
9
What is the value of 194 + -173 - (12 + 2 + -6 + 10)?
3
Calculate (-460 - -341) + (-21 - -129).
-11
What is 44 - (10 - (5 - (2 + -1))) - (38 - 40)?
40
-9 - (30 + (4 - 2 - (-3 - 4)) + 8)
-56
(-20 - (-1 + (5 - 7) + -7)) + -7 + -62
-79
What is (1 - 13) + (-81 - 38 - -52) + 12?
-67
What is -23 - (-29 + 80 + -25 - -19)?
-68
-59 - (-18 - 60) - -14
33
What is the value of 4408 - 4435 - (-19 + -1)?
-7
Calculate 15 + -87 + 74 + (-1 - 8).
-7
Calculate (9 - (34 + -16)) + 7 + 15.
13
What is 20 + -20 + (6 - (-14 + 14)) + -41?
-35
What is (-93 - 0) + (2354 - 2318)?
-57
What is the value of 1 + -17 + (-13 - (-19 - -4) - -11)?
-3
What is (8 + -4 - 29) + -2 + -12 + 8?
-31
Evaluate -70 + 22 + 55 - 8.
-1
Calculate ((2 - 0 - -3) + -5 - -10 - 86) + -7.
-83
What is the value of 0 - 11 - (-1 - (3 - 2) - -12)?
-21
Calculate (0 - 24) + (8 - (-25 + -56)).
65
What is the value of (-4 + -3 - 1) + -9 + (-9 - 5) + 4?
-27
Calculate 1 + -7 + (-18 - -7) - (3 - -2).
-22
Evaluate -29 + 0 + 17 + -32 + 37.
-7
Calculate (253 - 145 - 232) + 16.
-108
Evaluate -55 + (-66 - -139) - (-2 - 3).
23
54 + -56 - 33 - 3
-38
What is the value of 5 + (15 + -2 - (83 + -56))?
-9
What is 34 + 6 + (465 - 498)?
7
What is the value of (285 - 279) + (-39 - (-13 + 6 - -5))?
-31
Evaluate -50 - (-53 - (-28 - -20)).
-5
Calculate (-81 - (-64 + 37)) + -17.
-71
Calculate 34 + (27 + 20 - 90).
-9
What is the value of -41 - ((2 - 12) + (0 + 11 - -6))?
-48
What is the value of 0 + 26 + (-97 - -126) + -12?
43
Calculate 18 - ((32 - -3) + 8) - -23.
-2
What is (30 - 33) + -56 - -14?
-45
Calculate 89 + 11 + -14 + 2 + 1.
89
What is the value of -8 + 0 + ((-9 - 18) + 10 - (30 + -27))?
-28
Evaluate (1 + 1 - (20 + 80 - 37)) + 4 - 12.
-69
What is the value of -66 - -123 - (-18 + 6) - -5?
74
Calculate 8 - (0 + -5) - (-79 + 40 + 34).
18
What is the value of 23 + -39 + -62 + (22 - 10) + -15?
-81
What is 4 + -1 + -1 + (-12 - (31 - (15 + -36)))?
-62
-143 + 123 + 19 + -22 + (-1 - 7)
-31
Evaluate (-156 - (-208 - -51)) + (0 - 0).
1
What is the value of 34 + -16 + (-2 - -1 - 10) + 11?
18
Calculate 35 - (19 - (-12 + (5 - -7))).
16
Calculate -2 - (28 - (81 - 31)).
20
1 + 0 + 3 + 454 + -487
-29
-17 - (-16 + (7 + 1 + 49 - 20))
-38
-49 + 2 + 3 - 3 - (7 - (-12 - -14))
-52
What is the value of 18 - (-3 + 25 - (-616 - -546))?
-74
Evaluate -27 + -28 - (9 + -1 + -11 + (-1 - -16)).
-67
Calculate 9 - ((6 - -55) + 4 + -12).
-44
Calculate 10 + 0 + (-98 + 75 - -9) + (52 - -1).
49
0 + -35 - (-2705 + 2607)
63
What is the value of -152 + 40 + 23 - -12?
-77
Evaluate -317 - -303 - (1 + -77) - 21 - -15.
56
What is the value of (822 - 883) + 52 + -1?
-10
Calculate 2 - (7 + (-4 - 48) + (12 - 4)).
39
(21 - 44) + (21 - 42)
-44
Evaluate 73 - 29 - 80 - -40.
4
Evaluate -29 - (-12 - (2 + -28 + 11 - -12)).
-20
Calculate 17 + (19 - (-11 - -20 - -29)).
-2
What is -1116 + 1126 + (-17 - -1)?
-6
What is the value of -14 + -14 + 14 + -7 + 137 + -78?
38
Calculate -121 - (52 + -147 + -19).
-7
What is (1 - -4 - 2 - 39) + 28 + (-23 - 13)?
-44
Calculate 193 + -73 + -19 + -123.
-22
Evaluate (1 - 10) + 40 - 21.
10
What is 